 = n. Suppose -2*t + 4 = y, -5*t = -0*t + y - 16. What is the greatest common factor of n and t?
4
Let p(a) = 9*a + 187. Let q be p(-6). Calculate the highest common divisor of 28 and q.
7
Let z = 687 + -343. Calculate the highest common factor of z and 8.
8
Suppose -5*i + 36 = -4*i. Suppose 5*l - i = 34. Suppose -38*p - 49 + 229 = -352. Calculate the highest common divisor of l and p.
14
Suppose u = 5*r - 330, 4*r + u = -0*u + 264. Calculate the highest common divisor of r and 231.
33
Let a(j) = -5*j + 2. Let z be a(-5). Calculate the highest common divisor of z and 621.
27
Let b = 10 + -10. Suppose 3*z + z - 8 = b. Suppose 4*y = z*y + 44. What is the greatest common factor of 44 and y?
22
Let p(z) = -z**2 + z - 6. Let j be p(3). Let b be (3 + 1)/((-3)/(j/8)). Calculate the highest common factor of b and 10.
2
Let o(m) = m**3 + 8*m**2 - m - 12. Let s be o(-7). What is the highest common factor of 187 and s?
11
Suppose 4*s = -3*r + 377, -2*s + r = -6*s + 379. Suppose 94*k + 42 = s*k. Suppose -4*j = -0*d + 2*d, 2*d + j = 9. What is the highest common factor of k and d?
6
Suppose -j + 18 = 5*i, 4*i = 5*j + 2*i - 63. Let k(z) = -39*z**3. Suppose 0*n + 3*n = -3. Let v be k(n). Calculate the highest common divisor of j and v.
13
Let v(m) = m. Let h(d) = d**3 + 7*d**2 - 6*d - 17. Let n(w) = -h(w) - 5*v(w). Let o be n(-7). Calculate the highest common divisor of o and 5.
5
Let m = 621 - 393. Calculate the greatest common factor of m and 19.
19
Let m(f) = -3*f - 5. Let b be m(-10). Let u(v) = 11*v**2 + 8*v - 13. Let c be u(3). Let i be c*(-3 + 11/2). What is the greatest common factor of b and i?
25
Suppose -162 = -5*s + 4*d + 142, -2*s + 132 = d. Calculate the highest common factor of 32 and s.
32
Suppose 9*m + 1365 = 22*m. Calculate the greatest common factor of m and 35.
35
Let x be -4*6/24 - -2. Suppose 3*g - 25 = -5*q - 2*g, 6 = 2*g. Suppose 2*i = q + 2. What is the greatest common factor of x and i?
1
Suppose 15*q + 432 = 23*q. What is the greatest common divisor of 594 and q?
54
Let v(a) = 12*a - 1. Let p be v(1). Let b = -8 + p. Let r be 8/b*(-45)/(-6). Calculate the highest common factor of 20 and r.
20
Let h be 2 - (-24)/(-14) - 315296/(-1169). What is the highest common factor of 108 and h?
54
Let l be -1*(-3)/1 + (-19 - -3). Let f be 0 - (l - (-4 + 3)). Calculate the highest common divisor of 24 and f.
12
Suppose -4*k + 5*g = -202, 2*k + g = 3*k - 50. Let r be (k/(-9))/(2/6 - 1). What is the greatest common divisor of r and 64?
8
Let v = -140 + 186. What is the greatest common factor of v and 460?
46
Let v(r) = 23*r - 82. Let m be v(5). Calculate the greatest common factor of 66 and m.
33
Suppose -16*l + 0 + 256 = 0. Let x be 62 - ((-2)/1)/1. Calculate the highest common divisor of l and x.
16
Let d(j) = 0 - j**3 + 7*j + 2*j**3 + j**2 - 6 + 10*j**2. Let g be d(-10). Let u = 29 - 17. What is the greatest common factor of g and u?
12
Let d = -799 + 1074. Calculate the highest common divisor of 22 and d.
11
Let w(u) = 4*u - 81. Let t be w(25). Let a be 2/13 + (-739)/(-13). What is the greatest common divisor of t and a?
19
Suppose 4*y - 24 = 2*r - 4*r, 0 = 2*r - 4*y. Suppose -r*s + 1260 = -0*s. Calculate the highest common divisor of s and 30.
30
Let c(a) = a + 20. Let x be c(-12). Suppose x*y - 1236 = -236. What is the highest common divisor of 50 and y?
25
Let d = 3 + 1. Suppose 99 = d*q - 41. Suppose -2*u - 3*u + q = 0. Calculate the greatest common factor of 7 and u.
7
Suppose -5*b = -3*w + 2, -4*w + 29 = b + 11. Suppose -2*x = -x - b. Suppose -o - x*q = -3*q - 5, 4*q + 24 = 5*o. Calculate the highest common factor of 1 and o.
1
Suppose -y + 2 = -2*i, y - 49 = -4*y - 3*i. What is the greatest common divisor of y and 16?
8
Suppose -3*s + 26 - 11 = 0. Suppose 12 = -3*z, t + z + z + 12 = 0. Let h be 2/(t/(-6))*s. What is the highest common divisor of h and 10?
5
Suppose q + 8 = 9. Let a be 2/4*2 + 2. Suppose -u = -j + 12, -a = -3*j + 2*j - 2*u. What is the greatest common divisor of j and q?
1
Let f(i) = -i**2 + i + 3. Let q be f(2). Suppose -k - q = -28. What is the highest common factor of k and 3?
3
Let h = 1 + -5. Let x be h/(-10) + (-6)/15. Suppose 0*z - z + 6 = x. Calculate the greatest common divisor of 30 and z.
6
Let a = -30 + 26. Let y be (3/4 + -3)*a. What is the greatest common divisor of y and 72?
9
Let o(g) = -3*g - 8. Let d be o(7). Let y = 45 + d. Suppose 4*v - v - 5*x = 412, -428 = -3*v + x. Calculate the highest common factor of y and v.
16
Let b(y) = -y + 45. Let r = -29 - -59. Let d be b(r). Calculate the greatest common divisor of d and 20.
5
Let s(d) = 6*d**2 - 88*d - 107. Let y be s(16). Calculate the greatest common divisor of 777 and y.
21
Let j be (170 - 157) + 1286 + 1. Calculate the greatest common factor of j and 100.
100
Let n be -1*(-46 + (-3)/(-1)). Suppose -3*t + 655 = -2*p, -410 = t - 3*t - 4*p. Calculate the greatest common divisor of n and t.
43
Let w be 33/(-18) + 9/(-54). Let i be 4*(52/16 + w). What is the greatest common divisor of i and 30?
5
Let g = -1015 + 1444. Let z be 1 + 4/2 + 14. Let s = z - -22. Calculate the highest common divisor of s and g.
39
Suppose -10*v + 1683 = -737. Calculate the greatest common factor of v and 44.
22
Let n be ((5445/(-22))/(-5))/(1/2). What is the highest common factor of n and 9?
9
Let r(f) = 25*f**2 + 32*f + 121. Let y be r(-12). What is the highest common factor of 71 and y?
71
Suppose -80 = i - 81, 0 = -4*u - 3*i + 327. Calculate the greatest common divisor of 135 and u.
27
Let i = -2488 + 2540. What is the highest common divisor of i and 36?
4
Suppose 6*j - 469 = -229. Calculate the greatest common factor of 140 and j.
20
Let g(h) = 2*h**2 + 11*h + 16. Let p be g(-2). Let c be (23/p)/((-6)/(-132)). What is the highest common divisor of 23 and c?
23
Let b be (7 - (-80)/(-12))/((-5)/(-375)). Let r(v) = -11*v + 1. Let u be r(1). Let w = u - -35. Calculate the greatest common divisor of b and w.
25
Let o be (-12 + 6)*102/(-9). Let z = -44 + o. Calculate the highest common divisor of z and 6.
6
Let d = 1098 - 1083. What is the greatest common divisor of d and 255?
15
Let u be 2*(0 + 4/8) - -6. What is the greatest common divisor of 21 and u?
7
Let m(u) = 3*u**2 - 28*u + 141. Let i be m(11). What is the highest common factor of 490 and i?
98
Let b(t) = -13*t**3 + 2*t**2 + 2*t + 1. Suppose -x - 4*q - 21 = 0, x + 5*q = -3*x - 29. Let o be b(x). Calculate the highest common divisor of o and 126.
14
Let i be ((-5)/20)/(3/(-180)). What is the highest common divisor of 450 and i?
15
Let c = -282 + 367. Calculate the greatest common factor of 221 and c.
17
Let i(j) = j + 3. Let l be i(-3). Suppose 6*x - 321 + 129 = l. Calculate the greatest common factor of x and 32.
32
Suppose 2*n = 2*p + 234, -7*n + 5*n = 4*p - 258. What is the highest common divisor of n and 77?
11
Let j(k) = 152*k**2 - k - 2. Let l be j(-1). Let a = l - 137. Let r be (462/(-9))/((-1)/3). What is the highest common factor of a and r?
14
Let y = -60 + 94. Calculate the highest common factor of y and 238.
34
Let y(j) = -7*j + 29. Let v be y(0). Suppose 4*w - v = 19. Let o = 158 + -98. What is the greatest common divisor of o and w?
12
Let z be (1 - 2)*(1 - 9). What is the highest common divisor of z and 28?
4
Let d(y) = -y**2 + 23*y + 30. Let l be d(23). What is the highest common divisor of l and 140?
10
Let c = 344 + -24. Calculate the greatest common divisor of 32 and c.
32
Suppose -2*n = -5*q - 121, -5*n + 7*q - 3*q + 294 = 0. Let t = -33 + n. Let f = -5 + t. Calculate the highest common factor of 80 and f.
20
Suppose 29 = -z + 30. Calculate the highest common factor of 1 and z.
1
Let i(m) = m**3 + m**2 - 2*m. Let g be i(2). Suppose g*d - d - 14 = 0. Let c be -1 + 1 + (1 - 0). Calculate the highest common divisor of c and d.
1
Let z be 253/33 - 6/9. Let q(j) = j**3 - 21*j**2 + 27*j - 49. Let m be q(20). Calculate the greatest common factor of z and m.
7
Suppose -4*l - 2*b = -268, -220 = -3*l - 5*b - 33. Suppose -x - 2 = r, 0 = -3*x + 121*r - 122*r + 4. What is the greatest common divisor of l and x?
3
Let u = -15 - -1. Let p(j) = -j**3 - 3*j**2 + 6*j + 2. Let x be p(-5). Let i be 26/x - u/(-77). What is the highest common divisor of 1 and i?
1
Suppose j = -4*a + 11, -5*a = 3*j - 7*j - 40. Suppose a